{"id":169,"date":"2019-11-01T11:42:40","date_gmt":"2019-11-01T09:42:40","guid":{"rendered":"http:\/\/www.mladibl.com\/?page_id=169"},"modified":"2019-11-01T11:42:42","modified_gmt":"2019-11-01T09:42:42","slug":"savjet-za-mlade-republike-srpske","status":"publish","type":"page","link":"https:\/\/www.mladibl.com\/?page_id=169","title":{"rendered":"Savjet za mlade Republike Srpske"},"content":{"rendered":"\n<p>PRAVILNIK O RADU SAVJETA ZA MLADE REPUBLIKE SRPSKE<\/p>\n\n\n\n<p>I \u2013 OP\u0160TE ODREDBE<\/p>\n\n\n\n<p>\u010clan 1.<br>Ovim pravilnikom ure\u0111uje se rad Savjeta za mlade Republike Srpske (u daljem tekstu: Savjet).<\/p>\n\n\n\n<p>\u010clan 2.<br>Savjet osniva Vlada Republike Srpske na prijedlog Ministarstva porodice, omladine i sporta (u daljem tekstu: Ministarstvo), a radi davanja mi\u0161ljenja o stru\u010dnim pitanjima iz oblasti razvoja omladinske politike i njene primjene, u skladu sa zakonom.<\/p>\n\n\n\n<p>\u010clan 3.<br>Savjet ima devet \u010dlanova, u skladu sa zakonom, a \u010dine ga:<br>a) ministar porodice, omladine i sporta (u daljem tekstu: mini star),<br>b) ministar prosvjete i kulture,<br>v) ministar zdravlja i socijalne za\u0161tite,<br>g) ministar rada i bora\u010dko-invalidske za\u0161tite,<br>d) mini star finansija,<br>\u0111) predstavnik radnog tijela koje se bavi pitanjima mladih Narodne skup\u0161tine Republike Srpske i<br>e) tri predstavnika Omladinskog savjeta Republike Srpske.<\/p>\n\n\n\n<p>\u010clan 4.<br>Mandat ministara u Savjetu traje do isteka ministarskog mandata koji obavljaju, a mandat \u010dlanovima Savjeta iz reda predstavnika Omladinskog savjeta Republike Srpske i tijela koje se bavi pitanjima mladih Narodne skup\u0161tine Republike Srpske traje dvije godine od dana stupanja na snagu rje\u0161enja o imenovanju, u skladu sa ta\u010dkomIIIpodta\u010dka 2. Odluke o osnivanju Savjeta za mlade Republike Srpske (u daljem tekstu: Odluka), (\u201cSlu\u017ebeni glasnik Republike Srpske\u201d, broj 48\/12).<\/p>\n\n\n\n<p>\u010clan 5.<br>(1) Rad Savjeta je javan, osim ako iz opravdanih razloga Savjet ne odlu\u010di druga\u010dije.<br>(2) Javnost rada obezbje\u0111uje se javnim sjednicama, saop\u0161tenjima za javnost i konferencijama na odre\u0111enu temu.<\/p>\n\n\n\n<p>\u010clan 6.<br>(1) Savjet \u0107e raditi u sjednicama bez stalno definisanog sjedi\u0161ta.<br>(2) Mjesto odr\u017eavanja sjednice \u0107e se odre\u0111ivati u zavisnosti od tehni\u010dkih potreba i potreba regionalne zastupljenosti.<\/p>\n\n\n\n<p>\u010clan 7.<br>(1) Savjet ima predsjednika Savjeta.<br>(2) Predsjednika bira i opoziva Savjet natpolovi\u010dnom ve\u0107inom glasova od ukupnog broja \u010dlanova Savjeta.<br>(3) Predsjednik predstavlja Savjet u javnosti.<br>(4) Administrativno-tehni\u010dke poslove za potrebe Savjeta obavlja Ministarstvo.<\/p>\n\n\n\n<p>II \u2013 CILjEVI I DJELOKRUG RADA<\/p>\n\n\n\n<p>\u010clan 8.<br>(1) Savjet u okviru svog djelokruga rada razmatra, a u skladu sa Odlukom i Omladinskom politikom Republike Srpske (u daljem tekstu: Omladinska politika) predla\u017ee i daje mi\u0161lje nje o:<br>a) ciljevima, programima i mjerama predlo\u017eenim Omladinskom politikom i Akcionim planom sprovo\u0111enja Omladinske politike Repu blike Srpske,<br>b) programima koji se finansiraju iz bud\u017eeta Republike Srpske,<br>v) omladinskim aktivnostima koje su od prioritetnog zna\u010daja za Repu bliku Srpsku,<br>g) kriterijumima za raspodjelu sredstava iz bud\u017eeta Republike Srpske, namijenjenih za realizaciju programa utvr\u0111enih Omladinskom politikom i Akcionim planom sprovo\u0111enja Omladinske politike Republike Srpske,<br>d) inicijativama za pobolj\u0161anje polo\u017eaja mladih u Republici Srpskoj,<br>\u0111 koordinaciji omladinskog sektora na nivou Bosne i Hercegovine i<br>e) aktivno stima Ministarstva u okviru omladinske politike.<br>(2) Savjet radi i druge poslove za koje ga ovlasti Vlada Republike Srpske.<\/p>\n\n\n\n<p>\u010clan 9.<br>(1) \u010clanovi Savjeta iz reda ministara informi\u0161u Savjet o osnovnim aktivnostima iz svoje resorne nadle\u017enosti koje se odnose na pobolj\u0161anje polo\u017eaja mladih u Republici Srpskoj.<br>(2) \u010clanovi Savjeta iz reda predstavnika Omladinskog savjeta Republike Srpske informi\u0161u Savjet o najzna\u010dajnijim aktivnostima omladinskih organizacija Republike Srpske, a koje se odnose na pobolj\u0161anje polo\u017eaja mladih.<br>(3) \u010clan Savjeta koji je predstavnik radnog tijela koje se bavi pitanjima mladih Narodne skup\u0161tine Republike Srpske, informi\u0161e Savjet o najzna\u010dajnijim zakonodavnim aktivnosti ma koje mogu imati uticaj na polo\u017eaj mladih u Republici Srpskoj.<\/p>\n\n\n\n<p>\u010clan 10.<br>Savjet mo\u017ee za potrebe Savjeta predlo\u017eiti Ministarstvu da formira radne grupe, komisije i druga radna tijela.<\/p>\n\n\n\n<p>III \u2013 PRIPREMANjE I SAZIVANjE SJEDNICA<\/p>\n\n\n\n<p>\u010clan 11.<br>(1) Savjet odr\u017eava sjednice kvartalno, a po potrebi i \u010de\u0161\u0107e.<br>(2) Predsjednik saziva sjednice Savjeta.<br>(3) Jedna tre\u0107ina \u010dlanova Savjeta mo\u017ee da sazove sjednicu Savjeta.<br>(4) Ministar mo\u017ee, uz saglasnost predsjednika Savjeta, da sazove sjednicu Savjeta kada je potreban hitan stav Savjeta o odre\u0111enom pitanju iz oblasti omla dinske politike.<\/p>\n\n\n\n<p>\u010clan 12.<br>(1) Kvorum Savjeta \u010dini pet \u010dlanova Savjeta.<br>(2) Predsjednika bira i opoziva Savjet natpolovi\u010dnom ve\u0107inom glasova od ukupnog broja \u010dlanova Savjeta.<\/p>\n\n\n\n<p>\u010clan 13.<br>(1) Poziv za sjednicu Savjeta se sa prijedlogom dnevnog reda i pri premljenim materijalima dostavlja \u010dlanovima Savjeta i licima koja se pozivaju na sjednicu, najmanje deset dana prije odr\u017eavanja sjednice, osim kada sjedni ce saziva ministar, u tom \u010daju se \u010dlanovi pozivaju na sjednicu bez posebno utvr\u0111enog roka, a materijali se dostavljaju na samoj sjednici.<br>(2) Licima koja se pozivaju na sjednicu radi u\u010de\u0161\u0107a u raspravi po pojedinim ta\u010dkama dnevnog reda materijali se dostavljaju samo za te ta\u010dke dnevnog reda.<\/p>\n\n\n\n<p>\u010clan 14.<br>U dnevni red svake naredne sjednice Savjeta uvr\u0161tava se razmatranje i usvajanje zapisnika sa prethodne sjednice.<\/p>\n\n\n\n<p>\u010clan 15.<br>(1) Materijaleza sjednice priprema Ministarstvo, a kona\u010dan prijedlog dnevnog reda utvr\u0111uje predsjednik Savjeta.<br>(2) Za pripremu materijala se u izuzetnim slu\u010dajevima mogu anga\u017eovati i druga lica i odgovaraju\u0107a radna tijela formirana odlukom Savjeta.<\/p>\n\n\n\n<p>IV \u2013 VO\u0110ENjE SJEDNICE<\/p>\n\n\n\n<p>\u010clan 16.<br>(1) Predsjednik Savjeta rukovodi sjednicama Savjeta i svim sjednicama radnih tijela formiranih na inicijativu Savjeta.<br>(2) U slu\u010daju da predsjednik, nakon sazvane sjednice, ne mo\u017ee u\u010destvovati u njenom radu, du\u017ean je o tome obavijestiti \u010dlanove Savjeta.<br>(3) U slu\u010daju izostanka predsjednika, na sjednici Savjeta bira se predsjedavaju\u0107i samo za tu sjednicu, a na na\u010din utvr\u0111en u \u010dlanu 12. stav 2. ovog pravilnika.<\/p>\n\n\n\n<p>\u010clan 17.<br>(1) Na sjednici Savjeta predsjednik \u010dita prijedlog dnevnog reda i poziva \u010dlanove da se o njemu izjasne.<br>(2) Prijedlog dnevnog reda mo\u017ee biti izmijenjen i dopunjen.<br>(3) Prijedlozi moraju biti jasno precizirani i obrazlo\u017eeni i o njima se odlu\u010duje javnim glasanjem.<\/p>\n\n\n\n<p>\u010clan 18.<br>(1) Po prihvatanju dnevnog reda prelazi se na razmatranje i usvajanje zapisnika sa prethodne sjednice.<br>(2) Svi \u010dlanovi Savjeta mogu stavljati primjedbe na zapisnik.<br>(3) O utemeljenosti primjedbi na zapisnik se glasa.<\/p>\n\n\n\n<p>\u010clan 19.<br>Nakon usvajanja zapisnika sa prethodne sjednice, sjednica Savjeta se nastavlja po usvojenom dnevnom redu.<\/p>\n\n\n\n<p>\u010clan 20.<br>(1) Po jednoj ta\u010dki dnevnog reda, svaki \u010dlan Savjeta ne mo\u017ee izlagati vi\u0161e od dva puta.<br>(2) Predsjednik Savjeta mo\u017ee vremenski ograni\u010diti izlaganje \u010dlanova Savjeta, ali ne na manje od deset minuta.<br>(3) U slu\u010daju vremenskog ograni\u010denja izlaganja, isto va\u017ei i za sva druga izlaganja na sjednici na kojoj je ono primijenjeno.<\/p>\n\n\n\n<p>\u010clan 21.<br>Svaki \u010dlan Savjeta ima pravo podnositi pismeni prijedlog odluke ili zaklju\u010dka po odre\u0111enom pitanju dnevnog reda.<\/p>\n\n\n\n<p>\u010clan 22.<br>Odr\u017eavanje sjednice Savjeta odga\u0111a se ako nastupe razlozi koji objektivno spre\u010davaju njeno odr\u017eavanje, kao i kada predsjednik pred odr\u017eavanje sjednice utvrdida na njoj ne\u0107e biti kvoruma.<\/p>\n\n\n\n<p>V \u2013 ODLU\u010cIVANjE NA SJEDNICI<\/p>\n\n\n\n<p>\u010clan 23.<br>Kada je rasprava po pojedinim ta\u010dkama dnevnog reda zavr\u0161ena, na prijedlog predsjednika Savjeta, pristupa se odlu\u010divanju u skladu sa Pravilnikom.<\/p>\n\n\n\n<p>\u010clan 24.<br>Odluka se donosi natpolovi\u010dnom ve\u0107inom glasova od ukupnog broja prisutnih \u010dlanova Savjeta.<\/p>\n\n\n\n<p>\u010clan 25.<br>Prije odlu\u010divanja, predsjednik Savjeta precizno formuli\u0161e odluku ili zaklju\u010dak sa kojim su saglasni \u010dlanovi Savjeta.<\/p>\n\n\n\n<p>\u010clan 26.<br>(1) Izja\u0161njavanje prilikom dono\u0161enja odluke, zaklju\u010dka, prijedloga ili bilo kojeg drugog oblika odlu\u010divanja obavlja se dizanjem ruke.<br>(2) \u010clanovi Savjeta glasaju \u201cza prijedlog\u201d, \u201cprotiv prijedloga\u201d ili ostaju \u201cuzdr\u017eani\u201d.<\/p>\n\n\n\n<p>\u010clan 27.<br>(1) Na osnovu rezultata glasanja, predsjednik objavljuje da je prijedlog prihva\u0107en ili odbijen.<br>(2) Rezultati glasanja se unose u zapisnik.<\/p>\n\n\n\n<p>VI \u2013 VO\u0110ENjE ZAPISNIKA<\/p>\n\n\n\n<p>\u010clan 28.<br>O radu sva ke sjed ni ce Savje ta vodi se zapi snik koji mora sadr\u017eavati:<br>a) broj sjednice,<br>b) mjesto i datum odr\u017eavanja,<br>v) imena prisutnih i odsutnih \u010dlanova Savjeta,<br>g) vrijeme po\u010detka i kraja sjednice,<br>d) predlo\u017eeni i prihva\u0107eni dnevni red,<br>\u0111) donese ne odluke, zaklju\u010dke i sli\u010dno, sa ta\u010dnim navo\u0111enjem rezultata glasanja i<br>e) ime i prezime lica koje je vodilo i pripremilo zapisnik.<\/p>\n\n\n\n<p>\u010clan 29.<br>Zapisnik vodi delegirani slu\u017ebenik Ministarstva.<\/p>\n\n\n\n<p>\u010clan 30.<br>(1) Sa\u010dinjen zapisnik se \u0161alje \u010dlanovima Savjeta uz poziv za narednu sjednicu Savjeta.<br>(2) Zapisnik nakon usvajanja potpisuju predsjednik Savjeta i zapisni\u010dar.<\/p>\n\n\n\n<p>\u010clan 31.<br>Originalni zapisnici sa sjednice Savjeta i drugi materijali odla\u017eu se u arhivu Ministarstva.<\/p>\n\n\n\n<p>\u010clan 32.<br>Ovaj pravilnik stupa na snagu osmog dana od dana objavljivanja u \u201cSlu\u017ebenom glasniku Republike Srpske\u201d.<\/p>\n\n\n\n<p>Broj: 20.01\/020-1617\/12<br>12. septembra 2012. godine Ministar,<br>Banja Luka Nada Te\u0161anovi\u0107, s.r.<\/p>\n","protected":false},"excerpt":{"rendered":"<p>PRAVILNIK O RADU SAVJETA ZA MLADE REPUBLIKE SRPSKE I \u2013 OP\u0160TE ODREDBE \u010clan 1.Ovim pravilnikom ure\u0111uje se rad Savjeta za<\/p>\n","protected":false},"author":1,"featured_media":0,"parent":0,"menu_order":0,"comment_status":"closed","ping_status":"closed","template":"","meta":{"om_disable_all_campaigns":false,"_monsterinsights_skip_tracking":false,"_monsterinsights_sitenote_active":false,"_monsterinsights_sitenote_note":"","_monsterinsights_sitenote_category":0,"footnotes":""},"class_list":["post-169","page","type-page","status-publish","hentry"],"amp_enabled":true,"_links":{"self":[{"href":"https:\/\/www.mladibl.com\/index.php?rest_route=\/wp\/v2\/pages\/169","targetHints":{"allow":["GET"]}}],"collection":[{"href":"https:\/\/www.mladibl.com\/index.php?rest_route=\/wp\/v2\/pages"}],"about":[{"href":"https:\/\/www.mladibl.com\/index.php?rest_route=\/wp\/v2\/types\/page"}],"author":[{"embeddable":true,"href":"https:\/\/www.mladibl.com\/index.php?rest_route=\/wp\/v2\/users\/1"}],"replies":[{"embeddable":true,"href":"https:\/\/www.mladibl.com\/index.php?rest_route=%2Fwp%2Fv2%2Fcomments&post=169"}],"version-history":[{"count":1,"href":"https:\/\/www.mladibl.com\/index.php?rest_route=\/wp\/v2\/pages\/169\/revisions"}],"predecessor-version":[{"id":170,"href":"https:\/\/www.mladibl.com\/index.php?rest_route=\/wp\/v2\/pages\/169\/revisions\/170"}],"wp:attachment":[{"href":"https:\/\/www.mladibl.com\/index.php?rest_route=%2Fwp%2Fv2%2Fmedia&parent=169"}],"curies":[{"name":"wp","href":"https:\/\/api.w.org\/{rel}","templated":true}]}}