{"id":14,"date":"2019-09-30T23:04:38","date_gmt":"2019-09-30T21:04:38","guid":{"rendered":"http:\/\/www.mladibl.com\/?page_id=14"},"modified":"2020-02-20T16:04:26","modified_gmt":"2020-02-20T14:04:26","slug":"korisni-dokumenti","status":"publish","type":"page","link":"https:\/\/www.mladibl.com\/?page_id=14","title":{"rendered":"Korisni dokumenti"},"content":{"rendered":"\n<p> <br>Na ovoj stranici mo\u017eete prona\u0107i i preuzeti najva\u017enije dokumente za mlade, kako sa lokalnog i republi\u010dkog nivoa, tako i sa regionalnog, evropskog i me\u0111unarodnog nivoa.<\/p>\n\n\n\n<p>Pored najva\u017enijih dokumenata za mlade, tako\u0111e, ovdje mo\u017eete prona\u0107i i neke korisne dokumente za mlade, omladinsko organizovanje i omladinski rad.<\/p>\n\n\n\n<p><strong>ZAKONI<\/strong><\/p>\n\n\n\n<ul class=\"wp-block-list\"><li><a rel=\"noreferrer noopener\" aria-label=\"Zakon o omladinskom organizovanju Republike Srpske (integralni tekst) (opens in a new tab)\" href=\"http:\/\/www.mladibl.com\/wp-content\/uploads\/2019\/10\/Zakon-o-omladinskom-organizovanju-Republike-Srpske.pdf\" target=\"_blank\">Zakon o omladinskom organizovanju Republike Srpske (integralni tekst)<\/a><\/li><li><a rel=\"noreferrer noopener\" aria-label=\"Zakon o omladinskom organizovanju Republike Srpske (20.10.2004) (opens in a new tab)\" href=\"http:\/\/www.mladibl.com\/wp-content\/uploads\/2019\/10\/Zakon-o-omladinskom-organizovanju-Republike-Srpske-20.10.2004.pdf\" target=\"_blank\">Zakon o omladinskom organizovanju Republike Srpske (20.10.2004)<\/a><\/li><li><a rel=\"noreferrer noopener\" aria-label=\"Zakon o izmjenama i dopunama Zakona o omladinskom organizovanju Republike Srpske (26.11.2008) (opens in a new tab)\" href=\"http:\/\/www.mladibl.com\/wp-content\/uploads\/2019\/10\/Zakon-o-izmjenama-i-dopunama-Zakona-o-omladinskom-organizovanju-Republike-Srpske-26.11.2008.pdf\" target=\"_blank\">Zakon o izmjenama i dopunama Zakona o omladinskom organizovanju Republike Srpske (26.11.2008)<\/a><\/li><li><a rel=\"noreferrer noopener\" aria-label=\"Zakon o izmjenama i dopunama Zakona o omladinskom organizovanju Republike Srpske (15.12.2011) (opens in a new tab)\" href=\"http:\/\/www.mladibl.com\/wp-content\/uploads\/2019\/10\/Zakon-o-izmjenama-i-dopunama-Zakona-o-omladinskom-organizovanju-Republike-Srpske-15.12.2011.pdf\" target=\"_blank\">Zakon o izmjenama i dopunama Zakona o omladinskom organizovanju Republike Srpske (15.12.2011)<\/a><\/li><li><a rel=\"noreferrer noopener\" aria-label=\"Zakon o volontiranju Republike Srpske (3.10.2013) (opens in a new tab)\" href=\"http:\/\/www.mladibl.com\/wp-content\/uploads\/2019\/10\/Zakon-o-volontiranju-Republike-Srpske-3.10.2013.pdf\" target=\"_blank\">Zakon o volontiranju Republike Srpske (3.10.2013)<\/a><\/li><li><a rel=\"noreferrer noopener\" aria-label=\"Zakon o volontiranju Republike Srpske (17.7.2008) (opens in a new tab)\" href=\"http:\/\/www.mladibl.com\/wp-content\/uploads\/2019\/10\/Zakon-o-volontiranju-Republike-Srpske-17.7.2008.pdf\" target=\"_blank\">Zakon o volontiranju Republike Srpske (17.7.2008)<\/a><\/li><li><a rel=\"noreferrer noopener\" aria-label=\"Zakon o studentskom organizovanju Republike Srpske (23.6.2016) (opens in a new tab)\" href=\"http:\/\/www.mladibl.com\/wp-content\/uploads\/2019\/10\/Zakon-o-studentskom-organizovanju-Republike-Srpske-23.6.2016.pdf\" target=\"_blank\">Zakon o studentskom organizovanju Republike Srpske (23.6.2016)<\/a><\/li><li><a rel=\"noreferrer noopener\" aria-label=\"Zakon o Uniji studenata Republike Srpske (15.7.2009) (opens in a new tab)\" href=\"http:\/\/www.mladibl.com\/wp-content\/uploads\/2019\/10\/Zakon-o-Uniji-studenata-Republike-Srpske-15.7.2009.pdf\" target=\"_blank\">Zakon o Uniji studenata Republike Srpske (15.7.2009)<\/a><\/li><li><a href=\"http:\/\/www.mladibl.com\/wp-content\/uploads\/2019\/10\/Zakon-o-studentskom-standardu-Republike-Srpske-19.3.2008.pdf\" target=\"_blank\" rel=\"noreferrer noopener\" aria-label=\"Zakon o studentskom standardu Republike Srpske (19.3.2008) (opens in a new tab)\">Zakon o studentskom standardu Republike Srpske (19.3.2008)<\/a><\/li><\/ul>\n\n\n\n<p><strong>OMLADINSKE POLITIKE<\/strong><\/p>\n\n\n\n<ul class=\"wp-block-list\"><li><a rel=\"noreferrer noopener\" aria-label=\"Omladinska politika Grada Banja Luka 2018-2022 (opens in a new tab)\" href=\"http:\/\/www.mladibl.com\/wp-content\/uploads\/2019\/10\/Omladinska-politika-Grada-Banja-Luka-2018-2022.pdf\" target=\"_blank\">Omladinska politika Grada Banja Luka 2018-2022<\/a><\/li><li><a rel=\"noreferrer noopener\" aria-label=\"Omladinska politika Grada Banja Luka 2013-2017 (opens in a new tab)\" href=\"http:\/\/www.mladibl.com\/wp-content\/uploads\/2019\/10\/Omladinska-politika-Grada-Banja-Luka-2013-2017.pdf\" target=\"_blank\">Omladinska politika Grada Banja Luka 2013-2017<\/a><\/li><li><a rel=\"noreferrer noopener\" aria-label=\"Omladinska politika Republike Srpske 2016-2020 (opens in a new tab)\" href=\"http:\/\/www.mladibl.com\/wp-content\/uploads\/2019\/10\/Omladinska-politika-Republike-Srpske-2016-2020.pdf\" target=\"_blank\">Omladinska politika Republike Srpske 2016-2020<\/a><\/li><li><a rel=\"noreferrer noopener\" aria-label=\"Omladinska politika Republike Srpske 2010-2015 (opens in a new tab)\" href=\"http:\/\/www.mladibl.com\/wp-content\/uploads\/2019\/10\/Omladinska-politika-Republike-Srpske-2010-2015.pdf\" target=\"_blank\">Omladinska politika Republike Srpske 2010-2015<\/a><\/li><li><a href=\"http:\/\/www.mladibl.com\/wp-content\/uploads\/2019\/10\/Omladinska-politika-Republike-Srpske-2006-2010.pdf\" target=\"_blank\" rel=\"noreferrer noopener\" aria-label=\"Omladinska politika Republike Srpske 2006-2010 (opens in a new tab)\">Omladinska politika Republike Srpske 2006-2010<\/a><\/li><\/ul>\n\n\n\n<p><strong>STRATEGIJE<\/strong><\/p>\n\n\n\n<ul class=\"wp-block-list\"><li><a href=\"http:\/\/www.mladibl.com\/wp-content\/uploads\/2020\/02\/Strategija-za-unapre\u0111enje-i-razvoj-volontiranja-u-Republici-Srpskoj-2019-2023.pdf\" target=\"_blank\" rel=\"noreferrer noopener\" aria-label=\"Strategija za unapre\u0111enje i razvoj volontiranja u Republici Srpskoj 2019-2023 (opens in a new tab)\">Strategija za unapre\u0111enje i razvoj volontiranja u Republici Srpskoj 2019-2023<\/a><\/li><li><a rel=\"noreferrer noopener\" href=\"http:\/\/www.mladibl.com\/wp-content\/uploads\/2019\/10\/Strategija-za-unapredjenje-i-razvoj-volontiranja-u-Republici-Srpskoj-2014-2018.pdf\" target=\"_blank\">Strategija za unapre\u0111enje i razvoj volontiranja u Republici Srpskoj 2014-2018<\/a><\/li><\/ul>\n\n\n\n<p><strong>PRAVILNICI (MINISTARSTVA)<\/strong><\/p>\n\n\n\n<ul class=\"wp-block-list\"><li><a rel=\"noreferrer noopener\" aria-label=\"Pravilnik o upisu u registar omladinskih organizacija (opens in a new tab)\" href=\"http:\/\/www.mladibl.com\/wp-content\/uploads\/2019\/10\/Pravilnik-o-upisu-u-registar-omladinskih-organizacija.pdf\" target=\"_blank\">Pravilnik o upisu u registar omladinskih organizacija Ministarstva porodice, omladine i sporta<\/a><\/li><li><a rel=\"noreferrer noopener\" aria-label=\"Pravilnik o radu Savjeta za mlade Republike Srpske (opens in a new tab)\" href=\"http:\/\/www.mladibl.com\/wp-content\/uploads\/2019\/10\/Pravilnik-o-radu-Savjeta-za-mlade-Republike-Srpske.pdf\" target=\"_blank\">Pravilnik o radu Savjeta za mlade Republike Srpske<\/a><\/li><li><a rel=\"noreferrer noopener\" aria-label=\"Pravilnik o volonterskoj knji\u017eici (opens in a new tab)\" href=\"http:\/\/www.mladibl.com\/wp-content\/uploads\/2019\/10\/Pravilnik-o-volonterskoj-knjizici.pdf\" target=\"_blank\">Pravilnik o volonterskoj knji\u017eici<\/a><\/li><li><a href=\"http:\/\/www.mladibl.com\/wp-content\/uploads\/2019\/10\/Ispravka-Pravilnika-o-volonterskoj-knjizici.pdf\" target=\"_blank\" rel=\"noreferrer noopener\" aria-label=\"Ispravka Pravilnika o volonterskoj knji\u017eici (opens in a new tab)\">Ispravka Pravilnika o volonterskoj knji\u017eici<\/a><\/li><\/ul>\n\n\n\n<p><strong>OSTALI DOKUMENTI (GRAD BANJA LUKA)<\/strong><\/p>\n\n\n\n<ul class=\"wp-block-list\"><li><a rel=\"noreferrer noopener\" aria-label=\"Omladinski registar Grada Banja Luka (opens in a new tab)\" href=\"http:\/\/www.mladibl.com\/wp-content\/uploads\/2019\/10\/Omladinski-registar-Grad-Banja-Luka.pdf\" target=\"_blank\">Omladinski registar Grada Banja Luka<\/a><\/li><li><a rel=\"noreferrer noopener\" aria-label=\"Projekti podr\u017eani u 2019. godini (opens in a new tab)\" href=\"http:\/\/www.mladibl.com\/wp-content\/uploads\/2019\/10\/Projekti-podrzani-u-2019.-godini.pdf\" target=\"_blank\">Projekti podr\u017eani u 2019. godini<\/a><\/li><li><a href=\"http:\/\/www.mladibl.com\/wp-content\/uploads\/2019\/10\/Akcioni-plan-za-2019.-godinu.pdf\" target=\"_blank\" rel=\"noreferrer noopener\" aria-label=\"Sufinansiranje omladinskih aktivnosti - Akcioni plan za 2019. godinu (opens in a new tab)\">Sufinansiranje omladinskih aktivnosti &#8211; Akcioni plan za 2019. godinu<\/a><\/li><\/ul>\n\n\n\n<p><strong>ISTRA\u017dIVANJA<\/strong><\/p>\n\n\n\n<p><strong>PUBLIKACIJE<\/strong><\/p>\n\n\n\n<p><strong>ME\u0110UNARODNI DOKUMENTI<\/strong><\/p>\n","protected":false},"excerpt":{"rendered":"<p>Na ovoj stranici mo\u017eete prona\u0107i i preuzeti najva\u017enije dokumente za mlade, kako sa lokalnog i republi\u010dkog nivoa, tako i sa<\/p>\n","protected":false},"author":1,"featured_media":0,"parent":0,"menu_order":0,"comment_status":"closed","ping_status":"closed","template":"","meta":{"om_disable_all_campaigns":false,"_monsterinsights_skip_tracking":false,"_monsterinsights_sitenote_active":false,"_monsterinsights_sitenote_note":"","_monsterinsights_sitenote_category":0,"footnotes":""},"class_list":["post-14","page","type-page","status-publish","hentry"],"amp_enabled":true,"_links":{"self":[{"href":"https:\/\/www.mladibl.com\/index.php?rest_route=\/wp\/v2\/pages\/14","targetHints":{"allow":["GET"]}}],"collection":[{"href":"https:\/\/www.mladibl.com\/index.php?rest_route=\/wp\/v2\/pages"}],"about":[{"href":"https:\/\/www.mladibl.com\/index.php?rest_route=\/wp\/v2\/types\/page"}],"author":[{"embeddable":true,"href":"https:\/\/www.mladibl.com\/index.php?rest_route=\/wp\/v2\/users\/1"}],"replies":[{"embeddable":true,"href":"https:\/\/www.mladibl.com\/index.php?rest_route=%2Fwp%2Fv2%2Fcomments&post=14"}],"version-history":[{"count":9,"href":"https:\/\/www.mladibl.com\/index.php?rest_route=\/wp\/v2\/pages\/14\/revisions"}],"predecessor-version":[{"id":751,"href":"https:\/\/www.mladibl.com\/index.php?rest_route=\/wp\/v2\/pages\/14\/revisions\/751"}],"wp:attachment":[{"href":"https:\/\/www.mladibl.com\/index.php?rest_route=%2Fwp%2Fv2%2Fmedia&parent=14"}],"curies":[{"name":"wp","href":"https:\/\/api.w.org\/{rel}","templated":true}]}}